101?
-100011011100100000010111
In base 3, what is 11121 + -1111211221000?
-1111211202102
In base 2, what is 1011010011 - 11000011111011111?
-11000010100001100
In base 6, what is 44 - 1001500?
-1001412
In base 14, what is -66 - 64b17?
-64b7d
In base 15, what is -13bb - -1893?
4c7
In base 13, what is -2644470 + 1?
-264446c
In base 16, what is -2 - 33f7080?
-33f7082
In base 13, what is -3304b + -1980?
-349cb
In base 14, what is -1 + 976c71?
976c70
In base 7, what is -164 - 1450021?
-1450215
In base 12, what is -1816119 + -1?
-181611a
In base 3, what is 112001 + -2011202000?
-2011012222
In base 4, what is 1 - 1133021122121?
-1133021122120
In base 16, what is -1133 - 1bf1?
-2d24
In base 4, what is 1 - 12102013020200?
-12102013020133
In base 9, what is 0 + -1508532?
-1508532
In base 5, what is -30421424 - 21400?
-30443324
In base 8, what is 51762 + 57350?
131332
In base 4, what is -1022102312 + 20?
-1022102232
In base 16, what is 3d8b60 + 8?
3d8b68
In base 15, what is 17311 + 103?
17414
In base 15, what is -5b341ba + 7?
-5b341b3
In base 9, what is -12 + -4067367?
-4067380
In base 6, what is -131 + 112413205?
112413034
In base 8, what is -631 + -4366441?
-4367272
In base 13, what is 124 - 18a19?
-188c5
In base 8, what is -7770425 - -443?
-7767762
In base 6, what is 12350521051 - -5?
12350521100
In base 7, what is -15 + -5530426?
-5530444
In base 3, what is -101002201 - -112211122?
11201221
In base 13, what is 31b4 + -489?
2a28
In base 9, what is -11 + -3328406?
-3328417
In base 6, what is 21 - 3553141?
-3553120
In base 3, what is -201 - 110212110101?
-110212111002
In base 8, what is -1517 + 10332?
6613
In base 13, what is -101b17 + -29?
-101b43
In base 8, what is 114574623 - -4?
114574627
In base 14, what is 9451924 + 1?
9451925
In base 3, what is 0 - -122112122110111?
122112122110111
In base 16, what is 2130 - 29d?
1e93
In base 5, what is 4 - -423100342?
423100401
In base 8, what is -13556 + -61067?
-74645
In base 11, what is -1 - 316288?
-316289
In base 9, what is 137257 - 1875?
135272
In base 8, what is 525 - 30645?
-30120
In base 12, what is -10 + -48389?
-48399
In base 7, what is 5001531550 + -2?
5001531545
In base 13, what is 15 + 317928?
317940
In base 7, what is 452 + 1105502?
1106254
In base 15, what is 27997 - 2e?
27968
In base 11, what is 41 + 5033121?
5033162
In base 8, what is 6526114 + 3?
6526117
In base 14, what is 1932 + 614d?
7a81
In base 16, what is 138 + 4c02d?
4c165
In base 8, what is 3 - -106225414?
106225417
In base 11, what is -3aaa2 - 77?
-40069
In base 5, what is 1241404404 - -4?
1241404413
In base 13, what is -2ba20b - -a?
-2ba201
In base 13, what is 0 - -7967b?
7967b
In base 7, what is -12451045 - -4?
-12451041
In base 11, what is 58662 + -20?
58642
In base 7, what is -50 + 2223643?
2223563
In base 7, what is 1104 + 31555225?
31556332
In base 4, what is 100310313111 + 10?
100310313121
In base 7, what is -36664133 - 15?
-36664151
In base 13, what is 13 - 126b10?
-126aca
In base 16, what is -f - 32599a2?
-32599b1
In base 14, what is -1127 - -8a78?
7951
In base 16, what is -ae9f - -23e?
-ac61
In base 6, what is 2001 + 4023522?
4025523
In base 11, what is a6824 + 0?
a6824
In base 16, what is -66 - -4ea2?
4e3c
In base 2, what is 11100100101100010110 + -1110?
11100100101100001000
In base 14, what is 152ad84a + -1?
152ad849
In base 9, what is -6747 - -40?
-6707
In base 9, what is -11 - 1037002?
-1037013
In base 15, what is d289 - -46?
d2d0
In base 9, what is -418 + -110168?
-110587
In base 14, what is -1ac4b37 + -5?
-1ac4b3c
In base 3, what is -112221010 + -2002222?
-122001002
In base 16, what is -3a246 + 2e8?
-39f5e
In base 8, what is 615 - -34763?
35600
In base 8, what is -3574 + 12561?
6765
In base 16, what is 243d + -2f2a?
-aed
In base 13, what is -948 + -35975?
-365c0
In base 4, what is 33113 - 11210323?
-11111210
In base 12, what is -88206a0 + 0?
-88206a0
In base 15, what is 440 - -384d?
3c8d
In base 6, what is -34502104 + -131?
-34502235
In base 5, what is 2213330 + -13?
2213312
In base 10, what is 2036 - 624402?
-622366
In base 13, what is -3a479b5 - -8?
-3a479aa
In base 11, what is -9559489 - -2?
-9559487
In base 3, what is -201101000001 + 110?
-201100222121
In base 5, what is -11442210 + 10023?
-11432132
In base 2, what is -1010011001010001 + 1011110?
-1010010111110011
In base 12, what is -34135 - 35b?
-34494
In base 14, what is -3ad781a + -4?
-3ad7820
In base 6, what is 134503000 + 32?
134503032
In base 3, what is 10 + -12220021202102?
-12220021202022
In base 11, what is -154 - -280555?
280401
In base 6, what is 245504401 - 4?
245504353
In base 8, what is 2524212 + -7?
2524203
In base 7, what is -213 - -40344334?
40344121
In base 13, what is 2368a + -70?
2361a
In base 16, what is -1487 + -16bc8?
-1804f
In base 9, what is 345 + -10662?
-10316
In base 6, what is 153015230500 - -4?
153015230504
In base 11, what is -522942 + -39?
-522980
In base 3, what is -1100221 + -100021022?
-101122020
In base 16, what is -317 - -fc2?
cab
In base 2, what is -11111100100 + -110111100001110101?
-111000000001011001
In base 6, what is 115410 - -155550?
315400
In base 15, what is 3d2aa - -e77?
3e232
In base 11, what is -29 - -16639460?
16639432
In base 8, what is 2704403535 + -4?
2704403531
In base 10, what is -228 + 24579?
24351
In base 16, what is 3 + ab7c7d9?
ab7c7dc
In base 8, what is 3656 - -1102?
4760
In base 6, what is 14230231 - -150?
14230421
In base 3, what is -200221220120 + 100121?
-200221112222
In base 16, what is 557d - 133?
544a
In base 15, what is 0 + -7cb1142?
-7cb1142
In base 12, what is -8a65a - -7bb?
-89a5b
In base 16, what is 8e7 - 7f1aa?
-7e8c3
In base 8, what is -1502130205 - -3?
-1502130202
In base 5, what is -133331010404 + -1?
-133331010410
In base 3, what is -11220201021211212 - 12?
-11220201021212001
In base 4, what is -20122032110111 - -2?
-20122032110103
In base 16, what is 1b5de - -dd?
1b6bb
In base 5, what is 124412042 + 1?
124412043
In base 16, what is -e41f + -8e?
-e4ad
In base 2, what is 1 + -1010100001110000111110111101?
-1010100001110000111110111100
In base 15, what is -b2e1 + -2863?
-db54
In base 16, what is -22d - -3c4?
197
In base 2, what is -1100000100110 + 100001111101?
-111110101001
In base 10, what is -116804424 - -3?
-116804421
In base 11, what is 190 + 38071a?
3808aa
In base 10, what is -49892 - -7743?
-42149
In base 7, what is 112 - -63650624?
63651036
In base 6, what is 5 - -2320440304?
2320440313
In base 10, what is -126 + -154905?
-155031
In base 7, what is 3135261522 - 3?
3135261516
In base 3, what is -220 - -1010210220102?
1010210212112
In base 15, what is -4 - -1c8189?
1c8185
In base 5, what is 1 + 421003331?
421003332
In base 14, what is -98039db - -2?
-98039d9
In base 8, what is -12 - 333535610?
-333535622
In base 5, what is -2324 + 440312?
432433
In base 8, what is 1212764233 + -3?
1212764230
In base 12, what is -11912b59 + 3?
-11912b56
In base 11, what is 77 - -53703?
5377a
In base 2, what is -1111011110110 + 100010101101?
-1011001001001
In base 9, what is -2153311031 + 1?
-2153311030
In base 3, what is 2 + 101101121122202112?
101101121122202121
In base 13, what is -1490c6b - 80?
-149101b
In base 14, what is -5208aa9 - 4?
-5208aad
In base 3, what is 100100200011011 + -122?
100100200010112
In base 14, what is -14 - -47dd1b?
47dd07
In base 16, what is -e25042 - -4?
-e2503e
In base 10, what is 1072 + -2246?
-1174
In base 8, what is -4 + 53231234?
53231230
In base 6, what is 2525 - 5452113?
-5445144
In base 6, what is 2323433 + 40?
2323513
In base 16, what is -16 + -ade4?
-adfa
In base 8, what is -141 - 66760?
-67121
In base 16, what is 3 - 680921f?
-680921c
In base 9, what is 10858 - 128465?
-117506
In base 5, what is 141034020 + -2?
141034013
In base 10, what is 320608 + 591?
321199
In base 4, what is 301 - 112101013032?
-112101012131
In base 11, what is -1313916 + 42?
-1313884
In base 8, what is 136756121 - 16?
136756103
In base 7, what is 435 + -562?
-124
In base 16, what is -1341f6 - -a0?
-134156
In base 9, what is 4 + 236806171?
236806175
In base 13, what is 11 + 743820?
743831
In base 5, what is 302241300 - -11?
302241311
In base 3, what is -122002000011 - -101?
-122001222210
In base 11, what is -673642813 - 5?
-673642818
In base 6, what is 12500314555 + -5?
12500314550
In base